181. What is the units digit of z?
4
Let o = 298 + 452. What is the hundreds digit of o?
7
Let o(m) = m + 3. Let i be o(-4). Let d(c) = -25*c + 2. Let v be d(i). What is the units digit of v/9 + (1 - 1)?
3
Let x be (-2)/(45/10 - 4). What is the tens digit of (-57)/x + 1/(-4)?
1
Suppose 4*g = 3*g - 68. Let f = 88 + g. What is the units digit of f?
0
Suppose -9 = -a - 3*m, -5*m + 8 = -3*a - 7. Suppose 4*u + a*u + n - 865 = 0, -212 = -u + 4*n. What is the units digit of u?
6
Suppose -2*m - 2*m + 8 = 0. Let r be (m - -1)*(-6)/(-6). Suppose r*l - 55 = 11. What is the tens digit of l?
2
Suppose 3*l + 5*y = 34, -2*l + 5*y - 7 + 38 = 0. Suppose 0 = 5*v + 3*m - 985, -l = 2*m - 3. What is the units digit of v?
0
Let r(u) = u + 8. Let y be r(-9). Let c = y - -31. What is the tens digit of c?
3
What is the units digit of 39*(33 - (14 - 4))?
7
Let g = 45 - -10. Let d = g + -31. Suppose -2*s + 12 + d = 0. What is the tens digit of s?
1
Let y(n) = 35*n**2 + 24*n + 51. What is the tens digit of y(-6)?
6
Let i(b) = -7*b - 2. Let l be i(-1). Suppose -5*m - l*c = -515, 0*m + 4*m - 2*c - 424 = 0. What is the tens digit of m?
0
Suppose -f - 16 + 19 = 0. Suppose -i = -5*q + 13, -3*q + 5 = -4. Suppose f*u - i*u - 37 = 0. What is the tens digit of u?
3
Let m be 1/(6/1161)*(-8)/(-6). Suppose -42*z = -45*z + m. What is the tens digit of z?
8
Let b = 20 - 19. What is the units digit of 6 + -6 + 85*b?
5
Let b = 2872 + -1615. What is the thousands digit of b?
1
Suppose 8 = -5*y + 5*i - 7, 5*y - i + 31 = 0. Let c(w) = 3*w**2 + 15*w + 2. What is the tens digit of c(y)?
4
Suppose 2*l - 1233 = 71*h - 72*h, -3*h - 9 = 0. What is the tens digit of l?
1
Suppose -o + 2992 = 4*u, o - 2243 = 12*u - 15*u. What is the units digit of u?
9
Let w = 99 - -251. What is the hundreds digit of w?
3
Suppose 2553 = -12*h + 13377. What is the hundreds digit of h?
9
Let r be 2/(-7) + (-1264)/(-14). What is the tens digit of 1/(365/r + -4)?
1
Let t be 1 + (207 - -4) + 0. Suppose -c = -5*c + t. What is the tens digit of c?
5
Suppose 3*j - 5*n = 5*j - 751, 5*n + 1164 = 3*j. What is the hundreds digit of j?
3
Let x(r) = 6*r + 12. Let b be x(6). Let z = 20 - 33. Let n = z + b. What is the tens digit of n?
3
Suppose 92*t = 86*t + 966. What is the hundreds digit of t?
1
Let q = -28 + 32. Suppose -2*h + 118 = q*n, 2*h + 3*h + 3*n - 267 = 0. What is the units digit of h?
1
What is the tens digit of 1*-2 + 1208 + (-79 - -84)?
1
Let p = -334 + 1993. What is the hundreds digit of p?
6
Suppose -38*o + 83055 = -17*o. What is the thousands digit of o?
3
Suppose 3*m - 594 = -3*f, m + 193 = 2*m + 2*f. Suppose 0 = 5*a + 68 - m. Suppose 3*j + a = 4*j. What is the units digit of j?
7
Suppose -6*m - 16 = -2*m. What is the tens digit of ((-630)/16 + m/32)*-2?
7
Let t(x) = -4*x - 1. Let g(s) = -s**2 - s - 3. Let a be g(-2). Let o be -9*a/(60/(-8)). What is the units digit of t(o)?
3
Let k(p) = -p**3 + 23*p**2 + 2*p - 33. Let d be (-335)/(-15) + (-4)/(-6). What is the tens digit of k(d)?
1
Suppose -5*s + 410 = 3*w, 12*w = 15*w - 2*s - 445. What is the units digit of w?
5
Let j(t) = 13*t**2 + 2*t - 2. Let z = 26 - 24. What is the units digit of j(z)?
4
Suppose 0 = -2*y - 2, 3*d + 3*y - 7 = d. Suppose -d*s - 179 = -614. What is the tens digit of s?
8
Suppose 8*b - 4*b = 3*m - 913, -3*m - 5*b + 904 = 0. What is the units digit of m?
3
Suppose 0 = 5*x + 3*w + 12, -4*x - 2 = 2*w + 6. Suppose -3*g - 246 - 69 = x. What is the tens digit of -1 - (g/3 - 2)?
3
Suppose 3*h = -0*z - z + 481, 4*h + 2*z - 644 = 0. Suppose 543 = 4*o + 4*t + h, 0 = o + 2*t - 97. What is the tens digit of o?
9
Let f = -12 + 14. Suppose -3*b = -f*b. Suppose -5*o - 3 + 23 = b. What is the units digit of o?
4
Let k(i) = 17*i + 4. Suppose -4*q = -9 - 3. What is the tens digit of k(q)?
5
Suppose -2*n = -4*n + 3*g + 1037, 9 = -3*g. What is the tens digit of n?
1
What is the hundreds digit of (-3)/12 - (0 - 1989/4)?
4
Suppose 12*m = 8*m. Suppose -a - 5*q - 1 = m, 0*q = -4*a - q + 91. What is the tens digit of a?
2
What is the tens digit of (3 + 496/(-20))*-10?
1
Suppose 6118 - 334 = 6*p. What is the hundreds digit of p?
9
Let c be -3*(7/(-3) + 1). Suppose -3*f - c = -7*f. Suppose 0*w = w - f. What is the units digit of w?
1
Let r = 9 + -4. Suppose 4*z + z = -r. Let m = 8 + z. What is the units digit of m?
7
What is the hundreds digit of (-5)/(-2) + -1 + (-237068)/(-104)?
2
Suppose 0 = -5*l, -4*t = 4*l - 591 - 1941. What is the hundreds digit of t?
6
Suppose 0 = -0*m + 3*m - 12. Suppose l + 33 = 4*j, 2*j + m*l + 11 = -l. What is the units digit of 12/9*(j - 1)?
8
Let b = 48 - 54. Let x = 6 - b. What is the units digit of x?
2
Let z be -6*(-5)/(-10)*-1. Suppose 2*d = j + 74, z*d + 26 - 142 = 4*j. What is the units digit of d?
6
Let i(j) = -4*j - 6. Let f(m) = -2*m**2 + 2*m - 1. Let s be f(1). Let z be (0 + -1)*(s + 8). What is the units digit of i(z)?
2
Let f = 4 - 2. Let b be (2 + (f - 16))*1. Let c = b + 31. What is the units digit of c?
9
Let u(l) = -l + 8. Suppose -5*v + 42 = 12. Let w be u(v). Suppose 2*t = -w*t + 76. What is the tens digit of t?
1
Suppose -2*n = t - 24, 10*n = 5*n - 3*t + 58. Let c = n - 19. Let u(k) = -5*k - 5. What is the tens digit of u(c)?
2
Let t(x) = 9*x + 5. Let d be t(4). Suppose 16 = 5*a - 2*l - 95, -4*a + 4*l = -84. Let y = d + a. What is the units digit of y?
4
Let u = 24 - -6. Let n(f) = 1 - u*f**2 + 8 + f**3 + 39*f**2 - 12*f. What is the tens digit of n(-10)?
2
Suppose 2*j + 4 = -4*m, -4*j = -5*j - 4*m - 8. Suppose 3*l = 4*p + 124, 0 = -j*l - 2*p + 97 + 39. What is the units digit of l?
6
Suppose -3*f - f = 268. Let q = f - -94. What is the units digit of q?
7
Suppose 22 = b + 20. Suppose -6*g + 2*g + 324 = 4*a, b*g = 8. What is the units digit of a?
7
Suppose 1957 = c - 1754. What is the hundreds digit of c?
7
What is the tens digit of (-10 - 1020/(-105)) + 20304/14?
5
Let k(y) = -y + 1. Let n be k(-4). Suppose -2*q = -5*j + 121, -n*q = -j - 0*j + 38. Suppose -c + j = 3. What is the units digit of c?
0
Let l(v) = -v**2 + 12*v - 27. Let y be l(4). Suppose -y*n + 255 + 80 = 0. What is the tens digit of n?
6
Let k(d) = d**3 + 6*d**2 - d - 2. Let c be k(-6). Suppose 2*x = x + c. Suppose 60 = -0*g + x*g. What is the tens digit of g?
1
Suppose -51151 = -18*q - 16087. What is the units digit of q?
8
Suppose -244 + 74 = t. Let p = t + 267. What is the tens digit of p?
9
Let p = -143 + 4000. What is the thousands digit of p?
3
Suppose -4*n + 37 + 359 = 0. Let t = -50 + n. What is the units digit of t?
9
Let h = 125 - -347. What is the hundreds digit of h?
4
Suppose z - 5 = -3*w, -4*w + 5*w - z = 3. Suppose w*o - 138 = -4*x + 496, -x = 2*o - 154. What is the hundreds digit of x?
1
Let t(q) = 8*q**2 + 0*q - q + q**3 + 7*q**2 - 14 + 0*q. What is the units digit of t(-15)?
1
Suppose 2*l = -3*m + 6*l + 16, -49 = -2*m - 5*l. What is the tens digit of (-3)/(-2) - 2 - (-1710)/m?
4
Let w(l) = -l**2 - l + 2. Let p be w(-2). Suppose 2*b + 6 - 18 = p. Let v(m) = m**3 - 4*m**2 - 9*m + 4. What is the units digit of v(b)?
2
Let w(q) = -3*q + 5. Let d = -19 - -13. What is the tens digit of w(d)?
2
Let i be -1*37*6/(-5 + -1). Suppose -34*p - 129 = -i*p. What is the units digit of p?
3
Let p be (27/6)/((-3)/4). What is the hundreds digit of (p - -7)*2/2 + 138?
1
Suppose 0*y + 4*y = 3*i - 22, -3*i + 2*y + 14 = 0. Suppose -5*k + 12 = -i*k - 3*c, 2*k = -c + 14. What is the units digit of k?
6
Let c(q) = -2*q + 10. Let w be c(7). Let h = 6 + w. Suppose 4*b + 5 = f, -h*f - 3*b + 77 = 2*f. What is the tens digit of f?
1
Let j(z) = -z**2 - 7*z - 10. Let p be j(5). Let l be 126/p*20/(-6). Suppose 5*k - 29 - l = 0. What is the units digit of k?
7
Let w(c) = -c**2 + 13*c + 13. Let r be w(-9). Let t = -15 - r. Suppose -4*m = -74 - t. What is the units digit of m?
1
What is the thousands digit of -6 - 8*(-3521)/14?
2
Let g(x) be the first derivative of 0*x - 3 + 0*x**2 + 1/3*x**3. What is the units digit of g(-6)?
6
Suppose 0 = 2*l + l - 48. Suppose -6*z = -4*z + l. Let b(r) = -r**3 - 8*r**2 - 6*r - 1. What is the tens digit of b(z)?
4
Suppose -m + 294 = 3*q, -2*m + 2*q = m - 882. Let n be (-24)/(-40) + m/10. What is the units digit of 306/10 - (-12)/n?
1
Suppose -5*q + 8 = -7. Suppose 4*u = -q*u + 322. Let y = u + -24. What is the tens digit of y?
2
Let y(z